 first derivative of -o**4/24 - 5*o**3/2 + 5*o**2 - 12. Let f(d) be the second derivative of y(d). What is f(0)?
-15
Let s(j) = j**2 - 4*j. Suppose -3*t = 5*y - 2, -5 = -3*y - 3*t + 1. Let h be (3/y)/((-4)/16). Let x be 32/h - 1/3. Determine s(x).
5
Suppose -12 = -4*g + g. Let f(q) = 2*q**2 - 3*q - 9. Let s(j) = -j**2 + 2*j + 4. Let l(t) = 6*f(t) + 13*s(t). What is l(g)?
14
Let m(r) = 2 + 1 + r**2 - 2 - r. Let f = 63 - 59. Calculate m(f).
13
Let k(w) = -w**3 - 10*w**2 - 9*w - 4. Let u = -28 + 19. Give k(u).
-4
Let z(m) be the second derivative of m**3/6 - 15*m**2/2 - m. Let v be -11 + -4 + 4 + 19. Give z(v).
-7
Let b(q) = 2*q**2 - 6*q + 2. Let a be b(1). Let c(k) = -k**3 + 2*k**2 + 4*k + 3. What is c(a)?
11
Let k(x) = -x**2 - 2*x + 3. Let z(b) be the second derivative of -b**5/20 - b**4/2 - 5*b**3/6 - 2*b**2 + 8*b. Let g be z(-5). Calculate k(g).
-5
Let t(i) = 10*i + 3. Let z(o) = -5*o - 22. Let c be z(-4). Give t(c).
-17
Let k(j) = 7*j**2 - 3*j. Let r(h) = 7*h + 37. Let o be r(-5). What is k(o)?
22
Let o(a) be the first derivative of a**2 - 37*a - 152. Determine o(20).
3
Suppose -11*y = -15*y + 16. Suppose 5*x + y*j = 26, x + 10 = 4*x + j. Let g(k) = -k**3 + 4*k**2 - 4*k + 3. What is g(x)?
3
Suppose -5*b + 5 = -10*b. Suppose 5*l - 37 = -7. Let i(h) = h**3 + h**2 - 1. Let j(s) = 4*s**3 + 9*s**2 - s - 8. Let o(x) = b*j(x) + l*i(x). Calculate o(2).
8
Let c(a) be the second derivative of 5/12*a**4 - 3*a + 0*a**3 + 1/20*a**5 + 1/2*a**2 + 0. Let s be (1/2)/(1/(-10)). Determine c(s).
1
Let m(j) = -j**2 - 6*j - 3. Let a be m(-4). Let r(q) = -3*q - 23 + 0*q - 15 + 45. What is r(a)?
-8
Let f(p) = 7 + 12*p + 10*p - 25*p. Let n(w) = -w**3 - 10*w**2 + 10*w - 6. Let z be n(-11). Give f(z).
-8
Suppose 0*j = 3*j - 39. Let u = j - -12. Suppose -2*x - 4*k + 2*k - 10 = 0, 3*x + u = -5*k. Let i(o) = -o**2 + o. What is i(x)?
0
Suppose -4*u + 506 = d, 0*u - 256 = -2*u + d. Let s(f) = -u + 63 + 82 - f. Give s(10).
8
Let w(x) = 2*x**2 + 5*x**2 - 17*x**2 + 3*x**2 + 8*x**2 + 8*x - 7. Determine w(-9).
2
Suppose 25*y = 35*y - 30. Let b(i) be the second derivative of -y*i + 0 + 3*i**2 + 0*i**3 - 1/12*i**4. Give b(0).
6
Let f = -3 - -5. Let q(c) be the third derivative of c**6/60 - c**5/20 - c**4/24 + c**3/3 - 2*c**2 + 2*c. Give q(f).
4
Let l(f) = -8 - 22*f + 29 - 14 - 12. Calculate l(-2).
39
Let g(z) = z - 4. Let j = 2 - -10. Suppose 0*p - j = 2*p. What is g(p)?
-10
Let u(b) = -4*b**2 - 5*b + 4. Let j(g) = -9*g**2 - 12*g + 9. Let y(d) = -2*j(d) + 5*u(d). Give y(3).
-19
Let f(u) be the second derivative of -u**4/12 + u**3/6 + 5*u**2/2 + u + 6. Determine f(4).
-7
Let u(d) = 4*d**2 - 1. Suppose -3*t + 2*t - 4 = 0. Let o be t - (-1 + (2 - 4)). Calculate u(o).
3
Let a(w) = -15*w**2 - 8 - 5*w + 3 + 13 + 14*w**2. Suppose 0 = -4*n - 4*v - 4, 6*v = -2*n + 3*v + 3. Calculate a(n).
2
Let u(p) = -p**2. Let a(c) = 5*c - 10. Let j(o) = -a(o) + u(o). Suppose 3*d = 6*d + 21. Determine j(d).
-4
Let a(s) = -s**3 - 6*s**2 - s - 4. Let r be a(-6). Let u be 5*(12/(-5) + 3). Let i(z) = 6*z**2 - u*z - 1 + 2 - z**2 - 4*z**2. Give i(r).
-1
Let q(g) = -g**2 + 6*g. Let m be (-7)/(35/(-20)) - -8. Suppose 11*r = m*r - 5. What is q(r)?
5
Let k(t) = -6*t + 123. Let b be k(20). Let o(v) = -2*v**2 + 7*v + 1. Calculate o(b).
4
Let f(c) = 2*c**2 - c - 7. Let j(x) = -x**2 + x + 72. Let h be j(-8). What is f(h)?
-7
Suppose g = -4 + 1. Let v(i) = 11*i + 23. Let w(d) = 452*d + 8 - 218*d - 230*d. Let c(f) = g*v(f) + 8*w(f). Calculate c(-6).
1
Let k(z) = -2*z**2 - z + 3. Let j = 756 + -758. Calculate k(j).
-3
Let k = 14 + -8. Let m be 26/k - 1/3. Suppose 0*v = -v + m*l + 16, -2*l = -3*v + 8. Let b(r) = r + 4. Determine b(v).
4
Let z(c) = c**2 - 5*c - 7. Let w = -442 + 450. Calculate z(w).
17
Let p(b) be the first derivative of b**2 - 3*b + 1. Let o be 3 + (1 - (2 - -235)) + -4. Let u = -233 - o. Determine p(u).
5
Let s(w) = 3*w - 3. Let t(h) = 7*h - 5. Let i(p) = 3*p - 19. Let l be i(8). Let m(q) = l*s(q) - 2*t(q). Determine m(9).
4
Suppose -l = -5*f + 37, 0 = -3*f + l - 14 + 37. Let z(m) = m**2 - 8*m + 12. Let b be z(f). Let t(o) = 2*o - 7. Determine t(b).
3
Let w(u) be the first derivative of 3*u**2 - u + 5. Let c be 6*(-3)/42 - 8/14. What is w(c)?
-7
Let o(h) = 6 - 2*h**2 - h**2 + 343*h - h**3 - 337*h. Calculate o(-4).
-2
Let r(n) be the second derivative of n - 1/20*n**5 + 2*n**2 + 1/3*n**4 - 1/6*n**3 + 0. Give r(3).
10
Suppose t + 33 = -4*o, -7*o - 3*t - 43 = -2*o. Let n be o/24 + 10/(-6). Let b = n + 1. Let w(d) = -d**2. Determine w(b).
-1
Let k be -7 - -8 - -3 - (-1 - 1). Let l(f) = -f**3 + 6*f**2 + 3*f - 3. What is l(k)?
15
Let v(g) = 139*g**2 + 3*g - 145*g**2 - 18*g**3 + 17*g**3 + 7. What is v(-6)?
-11
Let f be 14 - (5 - (-10)/10). Let l(n) = -n**3 + 8*n**2 + n - 7. Calculate l(f).
1
Suppose 3*h - 4 = 5*h - k, -10 = 5*h - 5*k. Let u be ((-8)/1)/h + 15 + -13. Let f(x) = 4*x - 5. What is f(u)?
19
Let q(v) = v**2 + 4*v + 3. Suppose 0 = 4*y - 4*z + 88, y - 3*y + 5*z = 35. Let l be ((-5)/(y/(-2)))/(8/40). Give q(l).
-1
Let u(f) = -3*f**3 - 17*f**2 - 2*f + 1. Let p = 37 - 34. Let v(h) = h**3 + 9*h**2 + h**3 + 0*h - 2*h + 3*h. Let r(j) = p*u(j) + 5*v(j). Determine r(6).
-3
Let f(c) = -c + 2 - 2 - 5. Suppose 5*y + 3*d = -2*d + 25, 0 = 4*y - 4*d - 4. Suppose a + o = -3*o + 15, -2*a + y*o = 25. Give f(a).
0
Let g(j) = 73*j + 5 - 139*j + 69*j. What is g(-3)?
-4
Let m = -6611/6 - -1102. Let h(p) be the third derivative of -1/6*p**4 + 6*p**2 + 0*p + 0 - m*p**3. What is h(-1)?
3
Suppose 4*g = 4*x - 4, -5*x + 9 = -2*g - 2*g. Let c(v) = -12*v - 2*v**2 - 4 - v**3 + x*v + 2*v**3. Let q be c(4). Let j(f) = -f + 10. Calculate j(q).
10
Let z(s) = 6*s - 13. Let b(t) = 13*t - 26. Let u(w) = -4*b(w) + 9*z(w). Let g be u(9). Let d(y) = y**3 - 5*y**2 + 2*y + 1. Determine d(g).
11
Let t(m) = m**3 + 4*m**2 + 4*m + 3. Let o(y) = y**2 - 15*y - 103. Let r be o(-5). Determine t(r).
0
Let k(i) = -i**3 - 5*i**2 + 9*i + 10. Let g(b) = 4*b**3 + 20*b**2 - 37*b - 41. Let m(l) = 2*g(l) + 9*k(l). Suppose 314*x - 30 = 319*x. Calculate m(x).
2
Let h(m) be the first derivative of 13*m**2/2 - 4*m + 563. Determine h(0).
-4
Let z(h) = -h + 3. Let m(i) = i**2 - 3*i + 2. Let y be m(5). Let t be 38/8 - (-3)/y. What is z(t)?
-2
Let z(c) = -c + 1. Let s(l) = l - 8. Let a(x) = -2*s(x) - 4*z(x). Let k(v) = v + 6. Let o(r) = -3*a(r) + 5*k(r). Give o(-12).
6
Let c be 7 + (-4)/((-20)/15). Suppose 30 = c*o - 5*o. Let y(q) = q**2 - 6*q + 5. Give y(o).
5
Let i(q) be the first derivative of 7*q**4/4 - 2*q**3/3 + q - 1. Suppose -196*j + 193*j + 3 = 0. Give i(j).
6
Let f(j) = 3*j - 341 + j + 338. Give f(9).
33
Let i(o) = -1 + 7*o**2 + 2393*o**3 - 2395*o**3 + 3*o - 8*o**2. What is i(-3)?
35
Let u(a) be the second derivative of a**6/120 - a**5/20 - a**4/8 + a**3/6 + 7*a**2/2 - 2*a. Let d(z) be the first derivative of u(z). Give d(3).
-8
Suppose 9*u = 7*u. Suppose o + 12 = 4*o, -4*n + 4*o - 12 = u. Let x(v) = -17*v. Calculate x(n).
-17
Let x(k) = k**3 + 7*k**2 + 8*k + 4. Suppose 6*v + 9*v = 0. Let a = -6 + 10. Suppose v = -a*f + 5*f + 6. Calculate x(f).
-8
Let s(y) = 2*y**2 + 17*y + 29. Let i be s(-6). Let l(f) = 29*f. Give l(i).
-29
Let k(c) = 16*c + 125. Let f be k(-8). Let o(a) = 6*a + 4. What is o(f)?
-14
Let t(s) = -s**3 - 3*s**2 + 2*s. Let j(x) be the first derivative of 3*x**2/2 - 55*x - 48. Let u be j(17). Determine t(u).
8
Let y(n) = 3*n**2 + 20*n + 2. Let i(s) = -5*s**2 + 7*s + 7. Let r(p) = p**2 - 1. Let v(q) = i(q) + 6*r(q). Let a(m) = 11*v(m) - 4*y(m). Determine a(-4).
-1
Let k(o) = -2*o + 7. Let m = -78 - -85. Suppose -18 = 2*t + 5*p + m, 4*t - 4*p = -8. Calculate k(t).
17
Let h = -1234 + 1240. Suppose 2*f - 4 = f. Let d(a) = 3*a + 0 - h*a**2 - 4 + 2 + f*a**2. Give d(2).
-4
Suppose -3*w - 5*i = -2*w + 13, w = -4*i - 10. Let j(d) = -2*d**2 + 2*d. Calculate j(w).
-4
Let w(x) be the second derivative of 7*x**5/60 - x**4/24 - x**3/6 - 11*x**2/2 - x. Let p(t) be the first derivative of w(t). Let n be (-1)/1*3/3. What is p(n)?
7
Let q(u) be the first derivative of u**7/840 + u**6/72 - u**5/60 - u**4/4 - u**3/3 + 6. Let o(d) be the third derivative of q(d). Give o(-5).
4
Let o(y) = -4*y**3 + 25*y**2 + 9*y + 6. Let h(t) = -t**3 + 6*t**2 + t + 1. Let v(n) = 5*h(n) - o(n). Suppose 9 = 2*q + q. Calculate v(q).
5
Let j(l) be the first derivative of l**7/840 -